 = -x, 2*l - 4*m = -7*m + k. What are the prime factors of l?
73
Suppose -2*i + 14*i = 84. Let y(h) = 48*h - 75. List the prime factors of y(i).
3, 29
Suppose 5*k = -s - 41, -4*k - 16 = -4*s + 12. Let w be (-2)/3*109788/k. What are the prime factors of 4/34 - w/(-119)?
7, 11
Let l = 243 + -147. Suppose 413 = 23*d - 217 - 244. Suppose 2*n - l = d. List the prime factors of n.
67
Let m be (-70)/(-6) - (-32)/24. Suppose m*d - 10001 = 2414. List the prime factors of d.
5, 191
Suppose -70*h + 483181 = -452019. What are the prime factors of h?
2, 5, 167
What are the prime factors of 7/(-3)*143775/(-180) + 1/4?
2, 233
Let v(y) = 25*y**2 - 70*y - 253. What are the prime factors of v(-7)?
2, 17, 43
Let c(z) = -z**2 - 20*z - 29. Let l be c(-13). Suppose -q + 2*t - 4 = -3*t, -5*q - l = -4*t. Let d = q + 45. What are the prime factors of d?
31
Let k(z) = -73*z - 42. Let c(f) = 12*f - 29. Let x be c(2). What are the prime factors of k(x)?
17, 19
Let p(x) = 61*x**2 + 61*x - 2. What are the prime factors of p(13)?
2, 3, 5, 37
Suppose -5*k - 66 = 6*k. Let h = k + 8. Suppose 3*a - h*a - 136 = -2*c, -5*a - c = -653. List the prime factors of a.
2, 5, 13
Suppose 95*q - 3088874 = 30*q - 400344. What are the prime factors of q?
2, 20681
Suppose -2*h - 6 = -3*h + n, 3*h = -3*n + 48. Suppose 0 = 5*f + 2*r + 3160, -f = -h*r + 12*r + 635. What are the prime factors of f/(-4) - 1/(-2)?
2, 79
Let w(v) = -2*v + 403. List the prime factors of w(21).
19
Let b(c) = 26*c + 9 - 13*c + 35 + 18. What are the prime factors of b(10)?
2, 3
What are the prime factors of (-7)/210*-36*(-5645)/(-3)?
2, 1129
Let s be (108 - -4) + -1 - -4. Let c = 37 + -26. Suppose s = 3*x - c. What are the prime factors of x?
2, 3, 7
Suppose 4831 = 33*l - 56978. What are the prime factors of l?
1873
Let t = -247 + 65. Let b = -119 + 98. List the prime factors of (t/b)/(4/30).
5, 13
Let p(y) = -4030*y + 5150. List the prime factors of p(-6).
2, 5, 7, 419
What are the prime factors of (8 + -3 + 209673/18)*(-32)/(-12)?
2, 17, 457
Let o(j) = -3*j + 29. Let s be o(7). Let l be s*2/4 - (-5)/5. Suppose 4*v - 124 = 5*p, l*v + 4*p = 3*p + 126. List the prime factors of v.
2, 13
Let z be ((-3)/(-2))/((-1)/4). Let w = z + 12. Suppose 42 = b - w. What are the prime factors of b?
2, 3
Let o(k) = -k + 9. Let z be o(0). Suppose 6*b - z*b = -63. Let u = b - 19. List the prime factors of u.
2
Let p(q) = -q**3 + 7*q**2 + 11*q + 22. Let w be p(11). Let a = 65 - w. Suppose a = 5*n - 0*n + 2*t, 0 = -n - 5*t + 95. What are the prime factors of n?
2, 5
Suppose 0*b - u - 1483 = -5*b, 0 = -4*b + 3*u + 1193. Let p be 5/2*b/10. Let i = -46 + p. List the prime factors of i.
2, 7
Let q(x) = 41*x + 7. Let r be q(-1). Let b = -130 - r. Let a = -4 - b. List the prime factors of a.
2, 23
Suppose z + 4*p = 9, 0 = -70*p + 68*p + 8. Let c(t) = 2 - 6 + 0 - 9*t. What are the prime factors of c(z)?
59
Let u(p) = -20 + 10 - 11 + 7*p. Let b be u(12). Suppose -b + 53 = -d. What are the prime factors of d?
2, 5
Let q = -13533 + 24041. List the prime factors of q.
2, 37, 71
Suppose 5*n - 6*p + 145 = -p, -3*n - 95 = p. Let v = 33 + n. Suppose -5*h + 282 = -v*h. List the prime factors of h.
2, 47
Let f be 0*(-5 - (-32)/6). Let b be f + 11 - (-10)/(-2). Suppose 0 = -b*l + 201 + 3. List the prime factors of l.
2, 17
Let u(i) = 145*i**2 - 15*i + 266. What are the prime factors of u(-15)?
2, 17, 487
Let i(a) be the third derivative of -a**6/10 - 17*a**5/30 + 5*a**4/12 - 3*a**3 - 12*a**2 + 2. List the prime factors of i(-6).
2, 3, 5, 43
Suppose 131*k = 70*k + 64*k - 141432. List the prime factors of k.
2, 71, 83
Suppose 2*u = -5*i + 35120 + 29554, -2*u = -i + 12930. What are the prime factors of i?
2, 29, 223
Suppose -5*g + 25 = 0, 5*g - 1 = -5*v + 24. Suppose -n - 6 = z + 1, -3*n + 3 = v. Let l(j) = -j**3 - 9*j**2 - 14*j + 7. What are the prime factors of l(z)?
5, 11
Let a(o) = -28*o**3 + 1. Let m be a(-1). Let w(d) = -12*d**2 + 11*d**2 + d**3 - m*d - 2 + 26*d. List the prime factors of w(3).
7
Let q(a) = -27*a - 94 + 399 + 12*a + 17*a. What are the prime factors of q(0)?
5, 61
Let v(h) = 4*h**2 - 8*h + 62. Let u be v(14). Let p = u + -426. What are the prime factors of p?
2, 7, 11
Let t(o) = -o**3 + 2*o**2 + 6*o + 4. Let z(w) = -w**3 + 6. Let l be z(0). Let j be t(l). Let d = j - -177. What are the prime factors of d?
73
Suppose 0 = 2*r + 103 - 101, r + 267096 = 5*m. List the prime factors of m.
53419
Let k(i) = 2*i**3 - 2*i**2 - 3*i + 1. Let w be k(2). Let t(d) = -14 - w*d - 3*d + d**2 - 3*d - 16. List the prime factors of t(13).
2, 11
Let s(m) = -20*m**3 - 8*m**2 + 22*m - 193. What are the prime factors of s(-10)?
18787
Let u(g) = -5*g**3 - 26*g**2 - 128*g + 11. Let y(w) = -2*w**3 - 13*w**2 - 64*w + 6. Let x(l) = 4*u(l) - 9*y(l). What are the prime factors of x(-6)?
2, 11, 23
Let m(w) = -5*w + 52. Let s(b) = -b**3 + 11*b**2 - 18*b - 3. Let v be s(8). Let i = v + -45. What are the prime factors of m(i)?
2, 13
Let h(z) be the first derivative of -162*z**4 - z**3 + z**2/2 + 3*z - 19. What are the prime factors of h(-1)?
647
Suppose -5*z + 54390 = 3*v - 84922, -92877 = -2*v - z. List the prime factors of v.
46439
Suppose -3*s - 2*h - 10 = 0, -4*s = h - 8 + 23. Let p(o) = -190*o - 7. What are the prime factors of p(s)?
3, 251
Let m be 5 + ((-5)/(-15) + 0)*0. Suppose 14*u + m*u = 11419. List the prime factors of u.
601
Suppose 719*c = 606*c + 1135876. What are the prime factors of c?
2, 7, 359
List the prime factors of 36086 + 9/(-81)*-153.
79, 457
Suppose 33 = z + 37, -5*v - 3*z = -2408. What are the prime factors of v?
2, 11
Let g(c) = 8*c**2 + 3*c - 2. Let p be g(4). Let n = p + -94. Suppose 4*d - 19 = -2*o + 63, -2*o - n = -3*d. What are the prime factors of d?
2, 3
Suppose 0 = -61*c - 522410 + 4292515. List the prime factors of c.
5, 47, 263
Let d be (1 + 1)/(8/388). Let x = 157 - d. Suppose j - s + 5*s = 57, 0 = -j - 5*s + x. What are the prime factors of j?
3, 5
List the prime factors of 72/270 + 221984/60.
2, 5, 37
Let y(r) = 661*r + 1056. List the prime factors of y(7).
5683
Let s(t) = t**2 - 7*t + 20. Suppose n - 27 = -3*p - 110, -2*n - 50 = 2*p. Let o be ((-7)/(-7))/(-2) + p/(-2). List the prime factors of s(o).
2, 59
Suppose f + 77 = 183. Suppose -3*h - 6 = 0, -f = -3*z + h + 4*h. What are the prime factors of z?
2
Let c(o) = -o**3 + 18*o**2 - 81*o + 33. Let i be c(18). Let b = 3277 + i. List the prime factors of b.
2, 463
Let b(c) be the first derivative of c**4/4 + 4*c**3 - c**2/2 - 11*c - 16. Let s be b(-12). What are the prime factors of (-58 + 1 - s)*(-6)/6?
2, 29
List the prime factors of 6/51 + (3/1)/((-1020)/(-752380)).
2213
Suppose -5*y - 5*x = -148199 + 29569, -3*y = 5*x - 71184. List the prime factors of y.
7, 3389
Suppose 1438*g - 1441*g - 5*f + 32705 = 0, -2*g = -f - 21786. What are the prime factors of g?
5, 2179
Suppose -5*n - 5*g + 2585 = 0, -7*n + 3*g + 501 = -6*n. What are the prime factors of n?
3, 19
Suppose -13*j + 19*j = -5184. Let t = 1633 + j. List the prime factors of t.
769
Let o = -58 + 62. What are the prime factors of (-627436)/(-1020) - o/30?
3, 5, 41
Let p = 538 + -1089. Let f = p + 1168. What are the prime factors of f?
617
Suppose -22 = -2*v + 5*k, -v + 16 = -k + 5. Let g be (v + 3)*(0 - (-195)/6). Suppose 6*t - 11*t = -g. What are the prime factors of t?
7, 13
Suppose 0 = 9*y - 21*y + 1116. Let w = -36 + y. What are the prime factors of w?
3, 19
Suppose -14*x = -13*x - 9. Suppose 0 = -8*k + x*k. Suppose n - 77 = 3*c - 27, k = n + 2*c - 45. List the prime factors of n.
47
Suppose 197*h - 544217 = 109387 + 1626277. List the prime factors of h.
71, 163
Let v(l) = 50*l - 54. Let u be v(7). Suppose -772 = -3*z + u. What are the prime factors of z?
2, 89
Suppose 33*v - 924710 = 945367. List the prime factors of v.
61, 929
Suppose 0 = -4*a + 4*x - 16, -4*a + x - 10 = -0*a. Let s be 0 + (3/1 - a). Suppose s*i - 2*j - 93 = 0, j - 2*j + 20 = i. List the prime factors of i.
19
Let u = 37032 + -25772. List the prime factors of u.
2, 5, 563
Let h(k) = 1055*k**2 - 185*k + 25. What are the prime factors of h(4)?
5, 53, 61
List the prime factors of -2 + 4 + -7 + 16298 + -1.
2, 4073
List the prime factors of 30*28/70 - -3357.
3, 1123
Let f = -72 - -73. List the prime factors of ((-26)/(-2) - f)*(-12513)/(-516).
3, 97
Sup